ded by 1895.
1894
What is the remainder when 23302021 is divided by 1783?
1777
What is the remainder when 42112769 is divided by 35?
34
What is the remainder when 56192771 is divided by 200?
171
Calculate the remainder when 3468278 is divided by 6204.
242
What is the remainder when 18905439 is divided by 63?
21
What is the remainder when 698491 is divided by 85?
46
Calculate the remainder when 128556 is divided by 1916.
184
What is the remainder when 80274759 is divided by 40137377?
5
Calculate the remainder when 1128380 is divided by 2015.
1995
Calculate the remainder when 5194533 is divided by 29.
24
What is the remainder when 83525 is divided by 160?
5
Calculate the remainder when 43888172 is divided by 6235.
7
Calculate the remainder when 2145307 is divided by 36.
31
Calculate the remainder when 6267877 is divided by 10959.
10288
Calculate the remainder when 867933 is divided by 3710.
3503
What is the remainder when 3791997 is divided by 1580?
1577
What is the remainder when 18620 is divided by 747?
692
Calculate the remainder when 6370645 is divided by 75841.
1
Calculate the remainder when 7966197 is divided by 100.
97
What is the remainder when 514655 is divided by 261?
224
Calculate the remainder when 58489198 is divided by 1477.
1475
What is the remainder when 1771506 is divided by 153?
72
What is the remainder when 16169585 is divided by 39?
29
What is the remainder when 46277 is divided by 391?
139
What is the remainder when 1747602539 is divided by 2010?
2009
What is the remainder when 630947 is divided by 41848?
3227
Calculate the remainder when 822671 is divided by 32.
15
What is the remainder when 29913542 is divided by 19?
18
Calculate the remainder when 33765 is divided by 16844.
77
What is the remainder when 40479843 is divided by 688?
675
Calculate the remainder when 1318698 is divided by 1989.
1980
What is the remainder when 372586 is divided by 24?
10
What is the remainder when 18563795 is divided by 27?
26
What is the remainder when 429995 is divided by 1511?
871
Calculate the remainder when 19886589 is divided by 64.
61
What is the remainder when 46441850 is divided by 236?
118
What is the remainder when 222079 is divided by 1699?
1209
What is the remainder when 787167 is divided by 131193?
9
What is the remainder when 225916 is divided by 112941?
34
What is the remainder when 4533643 is divided by 83956?
19
Calculate the remainder when 2034102 is divided by 9.
3
What is the remainder when 213551 is divided by 23?
19
Calculate the remainder when 2870252 is divided by 5153.
31
What is the remainder when 2868754 is divided by 390?
304
What is the remainder when 3230137 is divided by 31668?
1
Calculate the remainder when 18182 is divided by 1223.
1060
What is the remainder when 1904 is divided by 1725?
179
What is the remainder when 104365950 is divided by 316?
314
What is the remainder when 763989 is divided by 8988?
9
Calculate the remainder when 16641100 is divided by 16641096.
4
What is the remainder when 42560828 is divided by 895?
893
Calculate the remainder when 60414465 is divided by 23.
20
What is the remainder when 12688242 is divided by 1153476?
6
Calculate the remainder when 692489 is divided by 1513.
1048
What is the remainder when 12764469 is divided by 565?
554
Calculate the remainder when 2407 is divided by 1120.
167
What is the remainder when 32701 is divided by 32130?
571
Calculate the remainder when 1718883 is divided by 41.
40
What is the remainder when 3250814 is divided by 135450?
14
What is the remainder when 1836008 is divided by 458992?
40
What is the remainder when 1737488 is divided by 253?
137
Calculate the remainder when 1118475 is divided by 559234.
7
What is the remainder when 2867883 is divided by 161?
151
What is the remainder when 60370 is divided by 341?
13
Calculate the remainder when 47538 is divided by 2221.
897
Calculate the remainder when 6481 is divided by 2972.
537
Calculate the remainder when 19755 is divided by 5.
0
What is the remainder when 18371 is divided by 239?
207
Calculate the remainder when 884176 is divided by 5977.
5557
What is the remainder when 4388701 is divided by 2574?
31
What is the remainder when 5260540 is divided by 1753110?
1210
Calculate the remainder when 2603128 is divided by 208.
8
What is the remainder when 163371 is divided by 53840?
1851
Calculate the remainder when 21132 is divided by 10355.
422
Calculate the remainder when 70287 is divided by 23222.
621
What is the remainder when 7248245 is divided by 1835?
1830
What is the remainder when 3643740 is divided by 12608?
28
Calculate the remainder when 7387585 is divided by 263842.
9
Calculate the remainder when 1272373 is divided by 1305.
1303
What is the remainder when 74049 is divided by 14562?
1239
Calculate the remainder when 12443 is divided by 1117.
156
Calculate the remainder when 563144 is divided by 37.
4
Calculate the remainder when 153067 is divided by 1936.
123
What is the remainder when 66629501 is divided by 37?
12
What is the remainder when 3801766 is divided by 3801766?
0
What is the remainder when 63960491 is divided by 442?
439
What is the remainder when 6346894 is divided by 46?
44
Calculate the remainder when 3130088 is divided by 1395.
1103
Calculate the remainder when 99021 is divided by 7061.
167
Calculate the remainder when 2535348 is divided by 281692.
120
Calculate the remainder when 7881892 is divided by 667.
620
What is the remainder when 15468 is divided by 2278?
1800
Calculate the remainder when 4086037 is divided by 453977.
244
Calculate the remainder when 1414493 is divided by 9245.
8
Calculate the remainder when 10285139 is divided by 642821.
3
Calculate the remainder when 37878546 is divided by 152.
146
What is the remainder when 523955 is divided by 503?
332
What is the remainder when 3741264 is divided by 748250?
14
Calculate the remainder when 4685737 is divided by 669385.
42
What is the remainder when 10357920 is divided by 301?
209
Calculate the remainder when 838023 is divided by 33513.
198
Calculate the remainder when 483172 is divided by 28420.
32
Calculate the remainder when 2852592 is divided by 126.
78
Calculate the remainder when 65311 is divided by 2319.
379
Calculate the remainder when 11092514 is divided by 47.
44
What is the remainder when 350768 is divided by 344?
232
What is the remainder when 165155 is divided by 3174?
107
What is the remainder when 13039867 is divided by 397?
5
Calculate the remainder when 43454993 is divided by 93.
92
What is the remainder when 35688 is divided by 444?
168
What is the remainder when 1350471 is divided by 34?
25
What is the remainder when 11139503 is divided by 289?
287
Calculate the remainder when 1049925 is divided by 78.
45
What is the remainder when 30811495 is divided by 30811488?
7
Calculate the remainder when 227313 is divided by 5678.
193
Calculate the remainder when 2599358 is divided by 2150.
8
Calculate the remainder when 30289711 is divided by 45.
31
Calculate the remainder when 54512167 is divided by 3244.
3235
What is the remainder when 2077939 is divided by 600?
139
What is the remainder when 544288 is divided by 1739?
1720
Calculate the remainder when 416211 is divided by 416152.
59
Calculate the remainder when 3041421 is divided by 131.
125
Calculate the remainder when 15638361 is divided by 79.
74
Calculate the remainder when 2571853 is divided by 5281.
6
Calculate the remainder when 53141310 is divided by 374.
24
What is the remainder when 818852 is divided by 365?
157
Calculate the remainder when 3938784 is divided by 9701.
178
Calculate the remainder when 347373 is divided by 498.
267
Calculate the remainder when 2630858 is divided by 1315425.
8
What is the remainder when 2570132 is divided by 71374?
668
Calculate the remainder when 12979010 is divided by 10834.
10712
Calculate the remainder when 10968297 is divided by 3150.
3147
Calculate the remainder when 3396542 is divided by 221.
214
What is the remainder when 2746765 is divided by 26?
21
Calculate the remainder when 633658 is divided by 633637.
21
Calculate the remainder when 307543 is divided by 38433.
79
Calculate the remainder when 4812102 is divided by 343698.
330
What is the remainder when 315919726 is divided by 30?
16
Calculate th